{"id":307,"date":"2018-02-15T19:36:44","date_gmt":"2018-02-15T18:36:44","guid":{"rendered":"http:\/\/hsl.hosting-shc.de\/?page_id=307"},"modified":"2018-03-15T08:37:46","modified_gmt":"2018-03-15T07:37:46","slug":"musizierkreis-der-leisen-klaenge","status":"publish","type":"page","link":"https:\/\/hsl.hosting-shc.de\/?page_id=307","title":{"rendered":"Musizierkreis der leisen Kl\u00e4nge"},"content":{"rendered":"\t\t<div data-elementor-type=\"wp-page\" data-elementor-id=\"307\" class=\"elementor elementor-307 elementor-bc-flex-widget\" data-elementor-settings=\"[]\">\n\t\t\t\t\t\t<div class=\"elementor-inner\">\n\t\t\t\t\t\t\t<div class=\"elementor-section-wrap\">\n\t\t\t\t\t\t\t<section class=\"elementor-section elementor-top-section elementor-element elementor-element-02b7e2c elementor-section-boxed elementor-section-height-default elementor-section-height-default\" data-id=\"02b7e2c\" data-element_type=\"section\">\n\t\t\t\t\t\t<div class=\"elementor-container elementor-column-gap-default\">\n\t\t\t\t\t\t\t<div class=\"elementor-row\">\n\t\t\t\t\t<div class=\"elementor-column elementor-col-100 elementor-top-column elementor-element elementor-element-9de473f\" data-id=\"9de473f\" data-element_type=\"column\">\n\t\t\t<div class=\"elementor-column-wrap elementor-element-populated\">\n\t\t\t\t\t\t\t<div class=\"elementor-widget-wrap\">\n\t\t\t\t\t\t<div class=\"elementor-element elementor-element-696f982 elementor-widget elementor-widget-text-editor\" data-id=\"696f982\" data-element_type=\"widget\" data-widget_type=\"text-editor.default\">\n\t\t\t\t<div class=\"elementor-widget-container\">\n\t\t\t\t\t\t\t\t<div class=\"elementor-text-editor elementor-clearfix\">\n\t\t\t\t<p><strong>Spielen Sie Fl\u00f6te, Gitarre, Ukulele, Harfe, Klavier, Akkordeon oder \u00e4hnliche Instrumente?<\/strong><\/p><p><strong>Dann sind Sie bei uns richtig!<\/strong><\/p><p>Die Teilnehmer dieses Musizierkreises haben <strong>Spa\u00df am gemeinsamen Musizieren in lockerer Atmosph\u00e4re<\/strong>, an der <strong>Musik der leisen T\u00f6ne<\/strong>.<\/p><p>Menschen mit und ohne Handicap, <strong>Senioren<\/strong> und <strong>Junggebliebene<\/strong> sind uns ebenso herzlich willkommen wie ausl\u00e4ndische Mitb\u00fcrgerInnen mit Folklore-Zupfinstrumenten.<\/p><p>Die<strong> Inhalte<\/strong> lassen sich wie folgt zusammenfassen:<\/p><ul><li>Lieder und Musik passend zur jeweiligen Jahreszeit<\/li><li>Folklore aus Europa und Amerika<\/li><li>Einf\u00fchrung in die Improvisation<\/li><\/ul><p>\u00a0<\/p><p>Der Verein bietet <strong>Projekte mit 12 Terminen<\/strong> mit Fortsetzung nach Wunsch der Teilnehmer, immer freitags 20 &#8211; 21 Uhr.<\/p><p><strong>\u00a0<\/strong><\/p><p><strong>Unterrichtsort: Vereinsheim der Harmonika-Freunde 1936 e.V.<\/strong><\/p><p><strong>Bahnhofstr. 39 a in 76351 Linkenheim<\/strong><\/p><p>Leitung: Michael Friedmann, staatl. gepr\u00fcfter Musikp\u00e4dagoge<\/p><p><strong>\u00a0<\/strong><\/p><p><strong>Der Beginn des n\u00e4chsten Projekts ist f\u00fcr September\/Oktober geplant.<\/strong><\/p><p>Gerne d\u00fcrfen Sie kostenfrei reinschnuppern. Wir bitten um vorherige Anmeldung.<\/p>\t\t\t\t\t<\/div>\n\t\t\t\t\t\t<\/div>\n\t\t\t\t<\/div>\n\t\t\t\t\t\t<\/div>\n\t\t\t\t\t<\/div>\n\t\t<\/div>\n\t\t\t\t\t\t\t\t<\/div>\n\t\t\t\t\t<\/div>\n\t\t<\/section>\n\t\t\t\t<section class=\"elementor-section elementor-top-section elementor-element elementor-element-71f289b elementor-section-boxed elementor-section-height-default elementor-section-height-default\" data-id=\"71f289b\" data-element_type=\"section\">\n\t\t\t\t\t\t<div class=\"elementor-container elementor-column-gap-default\">\n\t\t\t\t\t\t\t<div class=\"elementor-row\">\n\t\t\t\t\t<div class=\"elementor-column elementor-col-100 elementor-top-column elementor-element elementor-element-095ab60\" data-id=\"095ab60\" data-element_type=\"column\">\n\t\t\t<div class=\"elementor-column-wrap\">\n\t\t\t\t\t\t\t<div class=\"elementor-widget-wrap\">\n\t\t\t\t\t\t\t\t<\/div>\n\t\t\t\t\t<\/div>\n\t\t<\/div>\n\t\t\t\t\t\t\t\t<\/div>\n\t\t\t\t\t<\/div>\n\t\t<\/section>\n\t\t\t\t<section class=\"elementor-section elementor-top-section elementor-element elementor-element-f17e70f elementor-section-boxed elementor-section-height-default elementor-section-height-default\" data-id=\"f17e70f\" data-element_type=\"section\">\n\t\t\t\t\t\t<div class=\"elementor-container elementor-column-gap-default\">\n\t\t\t\t\t\t\t<div class=\"elementor-row\">\n\t\t\t\t\t<div class=\"elementor-column elementor-col-100 elementor-top-column elementor-element elementor-element-b6adf14\" data-id=\"b6adf14\" data-element_type=\"column\">\n\t\t\t<div class=\"elementor-column-wrap elementor-element-populated\">\n\t\t\t\t\t\t\t<div class=\"elementor-widget-wrap\">\n\t\t\t\t\t\t<div class=\"elementor-element elementor-element-09a5447 elementor-widget elementor-widget-text-editor\" data-id=\"09a5447\" data-element_type=\"widget\" data-widget_type=\"text-editor.default\">\n\t\t\t\t<div class=\"elementor-widget-container\">\n\t\t\t\t\t\t\t\t<div class=\"elementor-text-editor elementor-clearfix\">\n\t\t\t\t<p><a href=\"https:\/\/hsl.hosting-shc.de\/?page_id=393\"><strong>Anfrage \/ Anmeldung<\/strong><\/a><\/p>\t\t\t\t\t<\/div>\n\t\t\t\t\t\t<\/div>\n\t\t\t\t<\/div>\n\t\t\t\t\t\t<\/div>\n\t\t\t\t\t<\/div>\n\t\t<\/div>\n\t\t\t\t\t\t\t\t<\/div>\n\t\t\t\t\t<\/div>\n\t\t<\/section>\n\t\t\t\t\t\t<\/div>\n\t\t\t\t\t\t<\/div>\n\t\t\t\t\t<\/div>\n\t\t","protected":false},"excerpt":{"rendered":"<p>Spielen Sie Fl\u00f6te, Gitarre, Ukulele, Harfe, Klavier, Akkordeon oder \u00e4hnliche Instrumente? Dann sind Sie bei uns richtig! Die Teilnehmer dieses Musizierkreises haben Spa\u00df am gemeinsamen Musizieren in lockerer Atmosph\u00e4re, an der Musik der leisen T\u00f6ne. Menschen mit und ohne Handicap,<\/p>\n","protected":false},"author":1,"featured_media":0,"parent":0,"menu_order":0,"comment_status":"closed","ping_status":"closed","template":"","meta":[],"_links":{"self":[{"href":"https:\/\/hsl.hosting-shc.de\/index.php?rest_route=\/wp\/v2\/pages\/307"}],"collection":[{"href":"https:\/\/hsl.hosting-shc.de\/index.php?rest_route=\/wp\/v2\/pages"}],"about":[{"href":"https:\/\/hsl.hosting-shc.de\/index.php?rest_route=\/wp\/v2\/types\/page"}],"author":[{"embeddable":true,"href":"https:\/\/hsl.hosting-shc.de\/index.php?rest_route=\/wp\/v2\/users\/1"}],"replies":[{"embeddable":true,"href":"https:\/\/hsl.hosting-shc.de\/index.php?rest_route=%2Fwp%2Fv2%2Fcomments&post=307"}],"version-history":[{"count":3,"href":"https:\/\/hsl.hosting-shc.de\/index.php?rest_route=\/wp\/v2\/pages\/307\/revisions"}],"predecessor-version":[{"id":500,"href":"https:\/\/hsl.hosting-shc.de\/index.php?rest_route=\/wp\/v2\/pages\/307\/revisions\/500"}],"wp:attachment":[{"href":"https:\/\/hsl.hosting-shc.de\/index.php?rest_route=%2Fwp%2Fv2%2Fmedia&parent=307"}],"curies":[{"name":"wp","href":"https:\/\/api.w.org\/{rel}","templated":true}]}}