{"id":224,"date":"2018-02-15T14:35:48","date_gmt":"2018-02-15T13:35:48","guid":{"rendered":"http:\/\/hsl.hosting-shc.de\/?page_id=224"},"modified":"2018-03-15T13:15:16","modified_gmt":"2018-03-15T12:15:16","slug":"jugend","status":"publish","type":"page","link":"https:\/\/hsl.hosting-shc.de\/?page_id=224","title":{"rendered":"Jugend"},"content":{"rendered":"\t\t<div data-elementor-type=\"wp-page\" data-elementor-id=\"224\" class=\"elementor elementor-224 elementor-bc-flex-widget\" data-elementor-settings=\"[]\">\n\t\t\t\t\t\t<div class=\"elementor-inner\">\n\t\t\t\t\t\t\t<div class=\"elementor-section-wrap\">\n\t\t\t\t\t\t\t<section class=\"elementor-section elementor-top-section elementor-element elementor-element-58c11508 elementor-section-boxed elementor-section-height-default elementor-section-height-default\" data-id=\"58c11508\" data-element_type=\"section\">\n\t\t\t\t\t\t<div class=\"elementor-container elementor-column-gap-default\">\n\t\t\t\t\t\t\t<div class=\"elementor-row\">\n\t\t\t\t\t<div class=\"elementor-column elementor-col-100 elementor-top-column elementor-element elementor-element-73a6f56b\" data-id=\"73a6f56b\" data-element_type=\"column\">\n\t\t\t<div class=\"elementor-column-wrap elementor-element-populated\">\n\t\t\t\t\t\t\t<div class=\"elementor-widget-wrap\">\n\t\t\t\t\t\t<div class=\"elementor-element elementor-element-683de031 elementor-widget elementor-widget-text-editor\" data-id=\"683de031\" data-element_type=\"widget\" data-widget_type=\"text-editor.default\">\n\t\t\t\t<div class=\"elementor-widget-container\">\n\t\t\t\t\t\t\t\t<div class=\"elementor-text-editor elementor-clearfix\">\n\t\t\t\t<p>Im Zuge der Kooperation mit den Harmonika-Freunden 1936 e.V. Linkenheim-Hochstetten <br \/>sind alle au\u00dfermusikalischen Jungendveranstaltungen auch f\u00fcr die Musiksch\u00fcler\/-innen des Harmonika-Spielrings 1962 e.V. offen.<\/p><p>Die Jugendleiterin Claudia Schelling organisiert gemeinsam mit ihrem Jugendleiter-Team jedes Jahr eine Menge Events abseits der Musik, <br \/>wie zum Beispiel:<\/p><p>&#8211; Klettern <br \/>&#8211; Gehen im Waldseilpark<br \/>&#8211; Eislaufen<br \/>&#8211; Halloween-Party<br \/>&#8211; Pl\u00e4tzchenbacken <br \/>und vieles mehr\u2026<\/p><p><em><a href=\"http:\/\/www.akkordeon-linkenheim.de\/index.php\/jugendabteilung.html\" target=\"_blank\" rel=\"noopener\">Link zur Homepage Linkenheim<\/a><br \/><\/em><\/p>\t\t\t\t\t<\/div>\n\t\t\t\t\t\t<\/div>\n\t\t\t\t<\/div>\n\t\t\t\t\t\t<\/div>\n\t\t\t\t\t<\/div>\n\t\t<\/div>\n\t\t\t\t\t\t\t\t<\/div>\n\t\t\t\t\t<\/div>\n\t\t<\/section>\n\t\t\t\t\t\t<\/div>\n\t\t\t\t\t\t<\/div>\n\t\t\t\t\t<\/div>\n\t\t","protected":false},"excerpt":{"rendered":"<p>Im Zuge der Kooperation mit den Harmonika-Freunden 1936 e.V. Linkenheim-Hochstetten sind alle au\u00dfermusikalischen Jungendveranstaltungen auch f\u00fcr die Musiksch\u00fcler\/-innen des Harmonika-Spielrings 1962 e.V. offen. Die Jugendleiterin Claudia Schelling organisiert gemeinsam mit ihrem Jugendleiter-Team jedes Jahr eine Menge Events abseits der Musik,<\/p>\n","protected":false},"author":1,"featured_media":0,"parent":0,"menu_order":0,"comment_status":"closed","ping_status":"closed","template":"","meta":[],"_links":{"self":[{"href":"https:\/\/hsl.hosting-shc.de\/index.php?rest_route=\/wp\/v2\/pages\/224"}],"collection":[{"href":"https:\/\/hsl.hosting-shc.de\/index.php?rest_route=\/wp\/v2\/pages"}],"about":[{"href":"https:\/\/hsl.hosting-shc.de\/index.php?rest_route=\/wp\/v2\/types\/page"}],"author":[{"embeddable":true,"href":"https:\/\/hsl.hosting-shc.de\/index.php?rest_route=\/wp\/v2\/users\/1"}],"replies":[{"embeddable":true,"href":"https:\/\/hsl.hosting-shc.de\/index.php?rest_route=%2Fwp%2Fv2%2Fcomments&post=224"}],"version-history":[{"count":8,"href":"https:\/\/hsl.hosting-shc.de\/index.php?rest_route=\/wp\/v2\/pages\/224\/revisions"}],"predecessor-version":[{"id":504,"href":"https:\/\/hsl.hosting-shc.de\/index.php?rest_route=\/wp\/v2\/pages\/224\/revisions\/504"}],"wp:attachment":[{"href":"https:\/\/hsl.hosting-shc.de\/index.php?rest_route=%2Fwp%2Fv2%2Fmedia&parent=224"}],"curies":[{"name":"wp","href":"https:\/\/api.w.org\/{rel}","templated":true}]}}